{"id":11,"date":"2025-01-23T14:53:33","date_gmt":"2025-01-23T14:53:33","guid":{"rendered":"https:\/\/www.amenergiesophro.fr\/?page_id=11"},"modified":"2026-03-29T18:30:56","modified_gmt":"2026-03-29T18:30:56","slug":"accueil","status":"publish","type":"page","link":"https:\/\/www.amenergiesophro.fr\/","title":{"rendered":"Accueil"},"content":{"rendered":"\n<p class=\"has-text-align-center\"><mark style=\"background-color:rgba(0, 0, 0, 0)\" class=\"has-inline-color has-theme-palette-1-color\"><strong>Bienvenue sur mon site web !<\/strong><\/mark><\/p>\n\n\n\n<p>Apr\u00e8s un travail en usine (textile et maroquinerie) puis dans un bureau, j&rsquo;ai remarqu\u00e9 que le bien-\u00eatre au travail est essentiel.<\/p>\n\n\n\n<p>J&rsquo;ai re\u00e7u toutes les initiations et les connaissances concernant le niveau de Ma\u00eetre Reiki dans le Syst\u00e8me Usui de Gu\u00e9rison Naturelle. Je suis enseignante de tous les degr\u00e9s du Syst\u00e8me Usui de Gu\u00e9rison Naturelle en tant que Ma\u00eetre Ind\u00e9pendant.<\/p>\n\n\n\n<p>Je pratique, depuis 2011, la sophrologie. J&rsquo;ai suivi une formation de Sophrologue \u00e0 l&rsquo;\u00e9cole Auvergne Institut Formation de Bellerive\/ Allier et j&rsquo;ai obtenu un certificat de comp\u00e9tence \u00e0 la Relaxation de Groupe et dipl\u00f4me de Sophrologue Relaxologue.&nbsp;<\/p>\n\n\n\n<p>J\u2019ai re\u00e7u l\u2019initiation \u00e0 la Flamme Violette en Septembre 2018, je pratique tous les jours. La m\u00eame ann\u00e9e, j\u2019ai particip\u00e9 \u00e0 un atelier d\u2019un jour avec Pierre Lessard (M\u00e9dium), ami de Guy Corneau.<\/p>\n\n\n\n<p>Pour compl\u00e8ter, ce parcours, j&rsquo;ai \u00e9galement r\u00e9alis\u00e9 une formation pour \u00eatre Animatrice de Yoga du Rire&nbsp; \u00e0 Lyon avec Marie-Claude Dahan, professeur Agr\u00e9\u00e9 du Yoga du Rire.<\/p>\n\n\n\n<p>Je suis praticienne et enseignante La Ho Chi, je vous propose des soins \u00e0 domicile ou \u00e0 distance, ainsi que des initiations \u00e0 distance.<\/p>\n\n\n\n<p>Tr\u00e8s naturellement, je suis venue \u00e0 m&rsquo;initier au La Ho Chi de la 13\u00e8me Octave, suivi du La Ho Chi des 4 Directions, je vous propose des soins \u00e0 domicile ou \u00e0 distance, pour les initiations, je verrai plus tard.<\/p>\n\n\n\n<p>Je vous propose d\u00e9sormais un soin m\u00e9tamorphique, il agit sur les chocs \u00e9motionnels. Il accompagne un processus naturel de lib\u00e9ration et de transformation int\u00e9rieure.<\/p>\n\n\n<div class=\"wp-block-image\">\n<figure class=\"alignright size-full\"><img loading=\"lazy\" decoding=\"async\" width=\"425\" height=\"573\" src=\"https:\/\/www.amenergiesophro.fr\/wp-content\/uploads\/2025\/01\/portrait_RD.jpg\" alt=\"\" class=\"wp-image-54\" srcset=\"https:\/\/www.amenergiesophro.fr\/wp-content\/uploads\/2025\/01\/portrait_RD.jpg 425w, https:\/\/www.amenergiesophro.fr\/wp-content\/uploads\/2025\/01\/portrait_RD-223x300.jpg 223w\" sizes=\"auto, (max-width: 425px) 100vw, 425px\" \/><\/figure>\n<\/div>\n\n\n<p><strong>Annick&nbsp;<\/strong><strong>M&nbsp;<\/strong><strong>Energ\u00e9ticienne&nbsp;<\/strong><strong>Sophrologue<\/strong><\/p>\n\n\n\n<p>Les s\u00e9ances se d\u00e9roulent en toute s\u00e9curit\u00e9.<\/p>\n\n\n\n<p>Si vous souhaitez une r\u00e9ponse, pensez \u00e0 noter votre adresse mail, merci<\/p>\n\n\n\n<p><strong>S\u00e9ances \u00e0 domicile (le votre ou le mien) et en visio sur Rendez-Vous au 06 58 15 02 89<\/strong><\/p>\n","protected":false},"excerpt":{"rendered":"<p>Bienvenue sur mon site web ! Apr\u00e8s un travail en usine (textile et maroquinerie) puis dans un bureau, j&rsquo;ai remarqu\u00e9 que le bien-\u00eatre au travail est essentiel. J&rsquo;ai re\u00e7u toutes les initiations et les connaissances concernant le niveau de Ma\u00eetre Reiki dans le Syst\u00e8me Usui de Gu\u00e9rison Naturelle. Je suis enseignante de tous les degr\u00e9s&#8230;<\/p>\n","protected":false},"author":1,"featured_media":49,"parent":0,"menu_order":0,"comment_status":"closed","ping_status":"closed","template":"","meta":{"_kad_post_transparent":"","_kad_post_title":"","_kad_post_layout":"","_kad_post_sidebar_id":"","_kad_post_content_style":"","_kad_post_vertical_padding":"","_kad_post_feature":"","_kad_post_feature_position":"","_kad_post_header":false,"_kad_post_footer":false,"_kad_post_classname":"","footnotes":""},"class_list":["post-11","page","type-page","status-publish","has-post-thumbnail","hentry"],"_links":{"self":[{"href":"https:\/\/www.amenergiesophro.fr\/index.php?rest_route=\/wp\/v2\/pages\/11","targetHints":{"allow":["GET"]}}],"collection":[{"href":"https:\/\/www.amenergiesophro.fr\/index.php?rest_route=\/wp\/v2\/pages"}],"about":[{"href":"https:\/\/www.amenergiesophro.fr\/index.php?rest_route=\/wp\/v2\/types\/page"}],"author":[{"embeddable":true,"href":"https:\/\/www.amenergiesophro.fr\/index.php?rest_route=\/wp\/v2\/users\/1"}],"replies":[{"embeddable":true,"href":"https:\/\/www.amenergiesophro.fr\/index.php?rest_route=%2Fwp%2Fv2%2Fcomments&post=11"}],"version-history":[{"count":12,"href":"https:\/\/www.amenergiesophro.fr\/index.php?rest_route=\/wp\/v2\/pages\/11\/revisions"}],"predecessor-version":[{"id":148,"href":"https:\/\/www.amenergiesophro.fr\/index.php?rest_route=\/wp\/v2\/pages\/11\/revisions\/148"}],"wp:featuredmedia":[{"embeddable":true,"href":"https:\/\/www.amenergiesophro.fr\/index.php?rest_route=\/wp\/v2\/media\/49"}],"wp:attachment":[{"href":"https:\/\/www.amenergiesophro.fr\/index.php?rest_route=%2Fwp%2Fv2%2Fmedia&parent=11"}],"curies":[{"name":"wp","href":"https:\/\/api.w.org\/{rel}","templated":true}]}}

<p class="has-text-align-center"><mark style="background-color:rgba(0, 0, 0, 0)" class="has-inline-color has-theme-palette-1-color"><strong>Bienvenue sur mon site web !</strong></mark></p>



<p>Après un travail en usine (textile et maroquinerie) puis dans un bureau, j&rsquo;ai remarqué que le bien-être au travail est essentiel.</p>



<p>J&rsquo;ai reçu toutes les initiations et les connaissances concernant le niveau de Maître Reiki dans le Système Usui de Guérison Naturelle. Je suis enseignante de tous les degrés du Système Usui de Guérison Naturelle en tant que Maître Indépendant.</p>



<p>Je pratique, depuis 2011, la sophrologie. J&rsquo;ai suivi une formation de Sophrologue à l&rsquo;école Auvergne Institut Formation de Bellerive/ Allier et j&rsquo;ai obtenu un certificat de compétence à la Relaxation de Groupe et diplôme de Sophrologue Relaxologue.&nbsp;</p>



<p>J’ai reçu l’initiation à la Flamme Violette en Septembre 2018, je pratique tous les jours. La même année, j’ai participé à un atelier d’un jour avec Pierre Lessard (Médium), ami de Guy Corneau.</p>



<p>Pour complèter, ce parcours, j&rsquo;ai également réalisé une formation pour être Animatrice de Yoga du Rire&nbsp; à Lyon avec Marie-Claude Dahan, professeur Agréé du Yoga du Rire.</p>



<p>Je suis praticienne et enseignante La Ho Chi, je vous propose des soins à domicile ou à distance, ainsi que des initiations à distance.</p>



<p>Très naturellement, je suis venue à m&rsquo;initier au La Ho Chi de la 13ème Octave, suivi du La Ho Chi des 4 Directions, je vous propose des soins à domicile ou à distance, pour les initiations, je verrai plus tard.</p>



<p>Je vous propose désormais un soin métamorphique, il agit sur les chocs émotionnels. Il accompagne un processus naturel de libération et de transformation intérieure.</p>


<div class="wp-block-image">
<figure class="alignright size-full"><img loading="lazy" decoding="async" width="425" height="573" src="https://www.amenergiesophro.fr/wp-content/uploads/2025/01/portrait_RD.jpg" alt="" class="wp-image-54" srcset="https://www.amenergiesophro.fr/wp-content/uploads/2025/01/portrait_RD.jpg 425w, https://www.amenergiesophro.fr/wp-content/uploads/2025/01/portrait_RD-223x300.jpg 223w" sizes="auto, (max-width: 425px) 100vw, 425px" /></figure>
</div>


<p><strong>Annick&nbsp;</strong><strong>M&nbsp;</strong><strong>Energéticienne&nbsp;</strong><strong>Sophrologue</strong></p>



<p>Les séances se déroulent en toute sécurité.</p>



<p>Si vous souhaitez une réponse, pensez à noter votre adresse mail, merci</p>



<p><strong>Séances à domicile (le votre ou le mien) et en visio sur Rendez-Vous au 06 58 15 02 89</strong></p>

<p>Bienvenue sur mon site web ! Après un travail en usine (textile et maroquinerie) puis dans un bureau, j&rsquo;ai remarqué que le bien-être au travail est essentiel. J&rsquo;ai reçu toutes les initiations et les connaissances concernant le niveau de Maître Reiki dans le Système Usui de Guérison Naturelle. Je suis enseignante de tous les degrés&#8230;</p>
